
760
Let b(w) = 19*w**2 - 42*w - 1882. Determine b(21).
5615
Let y(c) = -136014*c + 544085. What is y(4)?
29
Let u(v) = -177*v - 23042. Give u(-135).
853
Let d(r) = -2302*r + 39033. What is d(17)?
-101
Let o(a) = -a**3 - 48*a**2 + 49*a + 1187. Calculate o(-49).
1187
Let c(p) = p**3 - 688*p**2 + 3412*p + 2039. What is c(683)?
-10
Let g(t) = -234*t - 11859. Determine g(-42).
-2031
Let r(b) = 9*b**2 - 6952*b - 790079. What is r(873)?
-14
Let z(i) = -10*i**2 - 152*i + 170. What is z(-18)?
-334
Let n(u) = -2*u**3 - 108*u**2 + 8618*u - 580. What is n(-98)?
8
Let v(q) = -32*q**2 - 9104*q + 45458. Calculate v(5).
-862
Let w(f) = -52*f**2 + 6393*f + 13. Determine w(123).
-356
Let k(i) = -1202*i**2 + 23*i - 7. Calculate k(1).
-1186
Let z(s) = 2*s**3 - 18*s**2 - 16*s + 30. Give z(3).
-126
Let t(n) = -n**3 - 30*n**2 + 456*n + 328. Give t(-41).
123
Let s(h) = -h**3 - 119*h**2 - 1932*h - 55. Determine s(-100).
3145
Let t(p) = 5127*p + 2730. What is t(0)?
2730
Let d(s) = -536*s**2 - 21432*s + 338. Give d(-40).
18
Let t(z) = z**3 - 317*z**2 + 325*z - 2852. Calculate t(316).
-8
Let z(q) = 2*q**3 + 32*q**2 + 209*q - 460. Give z(-9).
-1207
Let q(z) = -142*z + 18304. Calculate q(129).
-14
Let l(j) = -j**2 + 100*j + 2217. Give l(-20).
-183
Let c(l) = l**3 - 610*l**2 + 2392*l + 116. Determine c(4).
-12
Let v(d) = -26*d**2 - 9804*d + 9060. Determine v(-378).
-12
Let o(j) = 1663*j + 61389. What is o(-37)?
-142
Let c(h) = -8*h**3 + 264*h**2 + 21*h - 548. Give c(33).
145
Let v(c) = -6564*c + 2087333. What is v(318)?
-19
Let s(d) = -4*d**3 + 18*d**2 + 295*d - 1564. What is s(6)?
-10
Let y(l) = 3*l**3 - 1756*l**2 + 588*l - 1745. Determine y(585).
10
Let p(z) = 1015*z + 6635. Calculate p(-7).
-470
Let m(b) = -3642*b + 615520. Determine m(169).
22
Let m(r) = 5283*r - 205664. What is m(39)?
373
Let z(s) = -2114*s + 427023. Determine z(202).
-5
Let k(n) = -539*n + 8474. Determine k(17).
-689
Let g(p) = 2*p**3 - 92*p**2 - 265*p - 6751. Give g(50).
-1
Let u(b) = -48*b**2 - 8541*b + 528. Determine u(-178).
-6
Let m(c) = -23*c**3 - 415*c**2 - 76*c - 1004. Give m(-18).
40
Let i(v) = v**3 + 111*v**2 + 1890*v - 6496. What is i(-25)?
4
Let w(d) = -21*d**3 + 449*d**2 + 366*d - 1765. What is w(22)?
-5
Let v(s) = 11*s**3 + 24*s**2 - 539*s - 14. What is v(6)?
-8
Let x(l) = -41578*l + 332643. Determine x(8).
19
Let v(j) = -49574*j - 1388052. What is v(-28)?
20
Let w(k) = 82*k - 575. Determine w(6).
-83
Let a(r) = -2*r**3 - 507*r**2 - 371*r + 97028. Give a(-252).
8
Let t(n) = -2*n**2 - 4*n + 6927. Determine t(60).
-513
Let n(x) = 56*x**2 - 2855*x - 123. Give n(51).
-72
Let o(j) = -3*j**3 - 83*j**2 - 435*j - 278. Determine o(-21).
37
Let a(g) = 595*g + 82696. What is a(-139)?
-9
Let k(y) = -2*y**3 + 46*y**2 - 69*y + 1486. Calculate k(23).
-101
Let n(w) = w**2 + 2332*w + 39360. Calculate n(-17).
5
Let x(c) = -c**2 + 573*c + 85595. Calculate x(696).
-13
Let x(j) = -5725*j**2 - 188921*j + 128. Determine x(-33).
-4
Let p(a) = -1669*a - 8867. Give p(-5).
-522
Let g(r) = 3*r**2 - 5584*r - 25. Determine g(0).
-25
Let h(n) = 7179*n - 552778. Give h(77).
5
Let o(h) = 13*h**3 - 596*h**2 + 453*h - 25069. Give o(46).
1
Let j(k) = 9*k**2 - 4234*k - 83690. Determine j(-19).
5
Let w(j) = 907*j + 3879. What is w(-4)?
251
Let g(j) = -1242*j**2 - 47*j + 20. What is g(-1)?
-1175
Let x(s) = -6717*s + 33734. Calculate x(5).
149
Let w(k) = 34*k**2 + 58*k - 59. What is w(1)?
33
Let n(q) = 7*q**2 - 200*q - 2455. What is n(-9)?
-88
Let i(q) = 520*q**2 - 39*q + 41. Calculate i(1).
522
Let g(i) = 17*i**2 - 1920*i + 51988. Determine g(45).
13
Let l(a) = 12*a**3 - 257*a**2 + 83*a + 352. Give l(21).
-110
Let o(l) = -53*l + 801. Calculate o(31).
-842
Let k(i) = -756*i - 2863. What is k(-2)?
-1351
Let s(f) = -206*f**2 - 429*f - 14. What is s(-2)?
20
Let s(n) = -6842*n - 13952. Determine s(-2).
-268
Let m(y) = y**2 - 291*y - 15048. Determine m(-44).
-308
Let m(d) = d**3 - 139*d**2 + 588*d - 6481. What is m(135)?
-1
Let l(b) = 43*b**2 - 20*b + 2. Give l(2).
134
Let w(s) = 21*s**3 - 282*s**2 + 158*s - 522. Calculate w(13).
11
Let j(a) = a**3 - 23*a**2 - 11*a - 330. What is j(18)?
-2148
Let w(g) = 3*g**3 - 102*g**2 + 475*g - 3457. Give w(30).
-7
Let v(r) = 2219*r + 718964. Determine v(-324).
8
Let l(f) = f**3 - 3*f**2 - 39*f - 129. What is l(9)?
6
Let m(s) = 10*s**3 + 380*s**2 - 11*s - 561. What is m(-38)?
-143
Let k(a) = a**2 - 5911*a - 436893. What is k(-73)?
-61
Let k(o) = -4*o**3 + 114*o**2 - 311*o - 962. What is k(25)?
13
Let l(h) = 1648*h**2 + 39371*h - 4340. Calculate l(-24).
4
Let a(y) = -2040*y + 7327. Determine a(5).
-2873
Let b(p) = -6342*p + 38034. Determine b(6).
-18
Let b(p) = 3*p**3 - 16*p**2 - 62*p + 57. Determine b(10).
837
Let r(i) = -9*i**3 + 604*i**2 + 2485*i + 11. What is r(71)?
11
Let d(r) = -r**3 + 407*r**2 + 944*r - 51529. Calculate d(409).
5
Let k(u) = -3*u**2 + 1146*u - 1138. Calculate k(381).
5
Let m(f) = f**2 + 32755*f + 65499. What is m(-2)?
-7
Let f(p) = p**3 + 164*p**2 - 2322*p - 2423. Give f(-177).
1294
Let c(d) = 58*d**2 - 1826*d - 15639. Determine c(-7).
-15
Let m(i) = i**2 - 83*i + 1325. Give m(25).
-125
Let u(v) = -v**3 - 17*v**2 + 55*v + 531. Give u(-18).
-135
Let l(p) = -263*p - 20956. Give l(-71).
-2283
Let a(p) = -1297*p + 44400. Determine a(34).
302
Let p(a) = -2*a**2 + 1445*a + 10186. What is p(-7)?
-27
Let z(l) = -136*l**2 + 393*l + 46. Give z(3).
1
Let c(t) = -8357*t + 4236975. What is c(507)?
-24
Let t(n) = 15450*n + 448028. What is t(-29)?
-22
Let s(v) = -2*v**3 + 329*v**2 - 810*v - 500. Give s(162).
-500
Let v(i) = 116*i**2 - 5678*i - 36. What is v(49)?
258
Let u(g) = -g**3 + 31*g**2 - 126*g - 98. What is u(12)?
1126
Let v(s) = s**3 + 29*s**2 - 1287*s - 36830. Give v(-28).
-10
Let g(l) = -8*l**2 + 1914*l - 111475. What is g(139)?
3
Let i(g) = -g**3 - 176*g**2 - 34*g - 2400. Give i(-176).
3584
Let a(m) = -39486*m - 3356324. Calculate a(-85).
-14
Let v(s) = -11*s**3 + 28*s**2 + 85*s - 86. Determine v(4).
-2
Let m(r) = -163*r**2 - 375*r - 81. Determine m(-2).
17
Let w(n) = 2763*n - 66397. Calculate w(24).
-85
Let y(i) = -13*i**2 + 32*i + 318. Determine y(-8).
-770
Let y(j) = -j**2 + 66061*j - 22083600. Determine y(336).
0
Let h(b) = 2*b**2 + 131*b + 1848. Determine h(-25).
-177
Let r(a) = -2*a**3 - 51*a**2 - 222*a - 12. What is r(-20)?
28
Let k(f) = -17*f**2 + 1419*f - 27055. Calculate k(54).
-1
Let t(g) = -g**3 + 2*g**2 + 2312*g - 15943. Give t(7).
-4
Let q(d) = 620402*d + 2481572. Give q(-4).
-36
Let h(x) = -18*x**3 + 541*x**2 - 15*x - 31. Give h(30).
419
Let w(j) = 511*j + 19447. Give w(-38).
29
Let p(o) = 2*o**3 - 15*o**2 + 219*o - 2168. What is p(9)?
46
Let x(q) = 102*q**2 + 234*q + 533. Give x(-2).
473
Let j(n) = -16*n**2 - 1050*n - 3928. Determine j(-4).
16
Let v(a) = -a**3 + 75*a**2 + 204*a - 9742. Determine v(76).
-14
Let n(u) = -5*u**2 + 5033*u + 40583. Determine n(-8).
-1
Let r(i) = -i**3 - 10*i**2 - 35*i - 499. What is r(-11)?
7
Let j(z) = -778*z + 321301. Calculate j(413).
-13
Let h(n) = 3*n**2 + 6876*n - 187784. What is h(27)?
55
Let a(b) = -b**2 - 22*b + 2320. Calculate a(32).
592
Let x(l) = 3234*l + 125584. Give x(-39).
-542
Let q(o) = -53*o**2 - 15663*o - 23802. Give q(-294).
12
Let i(s) = 4*s**2 - 221*s - 9660. Determine i(84).
0
Let a(l) = -1282*l**3 - 26*l**2 + 26*l + 2. Give a(1).
-1280
Let p(x) = -12*x**3 - 544*x**2 - 156*x - 200. Calculate p(-45).
-1280
Let i(d) = 3*d**2 + 72*d + 1020. Determine i(-18).
696
Let k(p) = -907*p - 43544. What is k(-48)?
-8
Let t(y) = -y**3 + 53*y**2 + 2404*y - 11084. Calculate t(81).
-68
Let i(j) = -j**3 + 101*j**2 - 590*j + 56. Give i(6).
-64
Let n(g) = -g**3 - 12*g**2 + 2005*g + 2017. What is n(-1)?
1
Let p(h) = -3*h**2 - 301*h - 3785. Determine p(-15).
55
Let a(g) = -26135*g + 4547489. Give a(174).
-1
Let b(s) = -3*s**3 + 39*s**2 + 65*s - 125. What is b(14)?
197
Let p(w) = -2*w**2 - 8394*w + 25211. Determine p(3).
11
Let n(a) = -17*a**3 + 20643*a**2 - 6087*a + 20626. Calculate n(1214).
-12
Let r(p) = 34995*p - 489939. Calculate r(14).
-9
Let j(v) = 7941*v - 142914. Give j(18).
24
Let h(r) = -59*r + 11717. Calculate h(198).
35
Let h(n) = 459085*n + 2295424. Calculate h(-5).
-1
Let t(x) = 29799*x - 2264717. Calculate t(76).
7
Let i(v) = 136523*v - 136517. What is i(1)?
6
Let v(f) = -f**2 + 257*f - 16431. What is v(112)?
-19